3. What is the greatest common divisor of c and v?
8
Suppose -8 = -4*d - 0*d. Let r(m) = 2*m**2 - 5*m + 3. Let q be r(3). Let v be (189/18 - q)/((-3)/(-4)). What is the greatest common divisor of v and d?
2
Suppose 0 = -39*u + 45*u - 25*u - 87*u + 2862. Suppose 0 = -4*a - a + 500. Suppose -1315 = -5*r - a. Calculate the highest common divisor of r and u.
27
Let g = 10099 - 10082. Calculate the greatest common factor of g and 16490.
17
Let i(p) = 2*p + 3*p + 0*p**2 + p + p + p**2 + 14. Let f be i(-5). Calculate the highest common factor of 76 and f.
4
Let d(m) = 2 - 11*m + 6 + m**2 + 29. Let f be d(5). Let s = 64 - 8. Calculate the greatest common divisor of f and s.
7
Let m(w) = 17*w**2 - 10*w - 752. Let q be m(-25). What is the greatest common divisor of 53 and q?
53
Let a be -8*5*9/(-180). Suppose -2*k - 130 = -25*n + 23*n, 0 = -5*n + a*k + 328. What is the highest common divisor of 1386 and n?
66
Let x = 60459 + -40668. Calculate the greatest common divisor of x and 27.
27
Suppose -84*o + 89 = -79*o + f, 2*o - 5*f - 14 = 0. Calculate the highest common divisor of o and 47889.
17
Suppose 583*t = 519*t + 11648. What is the greatest common divisor of 1378 and t?
26
Suppose 0 = -41*n + 5461 + 12743. What is the highest common divisor of n and 19758?
222
Suppose 2*r + 188 = t, -5*t + 904 = -32*r + 31*r. What is the greatest common factor of 252 and t?
36
Let y(s) = -36*s - 2806. Let i be y(-78). Calculate the greatest common divisor of 4026 and i.
2
Let m(g) = -8*g**2 - 4*g - 18*g - 2*g**2 + 14. Let o be m(7). Let p be 3/2 - o/4. What is the highest common factor of 53 and p?
53
Suppose -103*s - 16*s = -172550. What is the greatest common divisor of s and 25?
25
Let v(j) = 51*j - 746. Let b be v(16). What is the greatest common factor of b and 231?
7
Suppose -8*m - m = -6*m - 90. Calculate the greatest common factor of m and 8000.
10
Let m(g) = 41*g**2 - 2*g - 3. Let b be m(-1). Calculate the highest common divisor of 72 and b.
8
Suppose 5*m - q = 839, 713 - 33 = 4*m - 3*q. Suppose m = 9*c - 31. What is the greatest common divisor of 22 and c?
22
Let h(t) = 5*t**2 + 2*t + 1. Let c be h(-1). Suppose -4*f + 212 = -5*i, 2*f = -f + c*i + 160. Calculate the highest common divisor of 48 and f.
48
Suppose -5*q - 5*z - 29 - 11 = 0, -4*z - 24 = 2*q. Let r be 3/(q + 1350/338). Let v = 867 + r. What is the highest common factor of v and 40?
40
Let c = 2060 - 1934. Calculate the highest common divisor of c and 84.
42
Let j = -5846 - -6414. What is the highest common divisor of 8 and j?
8
Let l = 6809 - 6644. What is the highest common divisor of l and 75?
15
Suppose 9 = 5*c + m + m, -2*c - 4*m + 10 = 0. Suppose 3*o - v - 3 = 0, 2*o - v - 2 + c = 0. Calculate the highest common divisor of o and 82.
2
Suppose 2 = g, -v - 18*g + 28 = -13*g. Suppose -b + 36 + 43 = 0. Let k = b + -52. Calculate the greatest common factor of v and k.
9
Let s = 99 + 264. Suppose 9*a - s = 132. What is the highest common divisor of a and 77?
11
Let p be (2*61)/(4 + -3 - 1119/1125). Calculate the greatest common factor of p and 75.
75
Let c be (-8 - -1) + 3 - (-6 + -2). Let u be (8/3 - c)/(3/108). Let l = u + 49. Calculate the greatest common factor of l and 8.
1
Let h be 2*25*(-4)/(-10). Let i be (7176/h)/6 + 2/10. Let r(k) = -7*k + 2. Let o be r(-4). What is the greatest common factor of i and o?
30
Let r be (-19 - 4085/5)/(-4). What is the greatest common factor of r and 855?
19
Suppose p - 23 + 18 = 0. Suppose 4*r + 2*c + 86 = 8*r, c = p. What is the highest common factor of r and 18?
6
Let t be (((-168)/30 - 1) + 6)*-380. What is the highest common divisor of t and 1444?
76
Suppose 3*d = c + 15, c = -0 - 3. Let z(n) = -n**3 + 37 + 5*n**2 + 36 - 72 - 3*n + 0*n**3. Let p be z(3). Calculate the greatest common divisor of d and p.
2
Let g be (-10 - -1)/(8/40*-5). Calculate the highest common factor of g and 3363.
3
Suppose 2603 = 38*a + 1931 - 2672. What is the highest common divisor of a and 1760?
88
Let t(s) = s**3 - 5*s**2 + 54*s - 346. Let c be t(6). Calculate the greatest common factor of 4 and c.
2
Suppose 2*w + 150 = -3*g - 3*w, 0 = w - 3. Let u = -58 - g. Let m be 2085/12 - -2 - u/12. Calculate the highest common factor of m and 16.
16
Let a = 1577 + -1302. Calculate the greatest common factor of a and 1150.
25
Let q(v) = -9*v + 630. Let b be q(32). Calculate the highest common factor of b and 2565.
171
Let n be 2/10*-1 - (-5481)/105. Suppose -8*b = -346 - 278. Calculate the highest common factor of n and b.
26
Let k be -9 + (4 + 476)/12. Calculate the greatest common factor of k and 9238.
31
Suppose -11 = -k + 2*i, -4*k = -18*i + 15*i - 39. Let x(w) = 2*w**3 - 12*w**2 - 3*w + 17. Let z be x(k). Calculate the highest common factor of 56 and z.
28
Let m = -13097 + 13137. Calculate the highest common factor of m and 925.
5
Let c be (-1 - -3) + 12/((-276)/(-2507)). What is the greatest common factor of c and 4773?
111
Let n = -486 - -510. Let a be (-135)/(-25)*1520/n. Calculate the greatest common factor of 38 and a.
38
Suppose -4*u + 17 = 4*c - 7, 3*u = 4*c - 17. Suppose z = c*s - z - 21, 0 = -z - 3. Suppose -k = s*k - 40. What is the highest common factor of k and 15?
5
Suppose u - b = 218, -30*u + 29*u + 3*b = -206. Calculate the highest common factor of 18144 and u.
224
Let c be (3 + -2 - 100)*35/(-15). Let d = c + -229. Calculate the greatest common divisor of 2 and d.
2
Suppose -15*p + 20568 = 18*p - 16623. What is the greatest common divisor of 196 and p?
49
Let o be (7 + (-594)/90)*1180. What is the highest common divisor of 248 and o?
8
Suppose -2235*q = -2230*q + 3*t - 77749, 2*q - 3*t - 31087 = 0. Calculate the greatest common divisor of q and 13.
13
Suppose 0 = 4*x - 5*c - 2558, 25*c + 645 = x + 21*c. Calculate the greatest common divisor of 77 and x.
7
Suppose 0 = -2*q + 8, y + 5*q + 106 = 3*q. Let z be y/(-3*1/2). Let u = -48 + z. Calculate the greatest common divisor of 56 and u.
28
Let p(n) = -205*n**2 + 7*n + 6. Let r be p(-1). Let u = -30 - r. Calculate the highest common factor of 22 and u.
22
Let m(c) = -c**2 + c + 269. Let b be m(-11). Suppose 1341 - b = 43*z. Calculate the highest common factor of z and 105.
7
Let p = 12 + -14. Let w be p/4 - (-58)/4. Suppose 0*d - 26 = -3*j + 5*d, -2*j + 2*d + 16 = 0. What is the highest common factor of j and w?
7
Let f = 129225 - 129191. Suppose 97 = d - 141. Calculate the highest common factor of d and f.
34
Let d = -3865 + 4267. Calculate the greatest common divisor of 48 and d.
6
Let h = -2292 - -2591. Calculate the highest common divisor of 468 and h.
13
Let i = 125 + -65. Let l be (-1)/(-4) - (-595)/(-28). Let k = i + l. What is the highest common factor of 13 and k?
13
Let k be (-1638)/(-238) - 4/(-34). Let c be (-40)/(-16)*154/k. What is the highest common divisor of 10 and c?
5
Let k(d) = 9*d + 144. Let n be k(8). What is the highest common divisor of n and 8?
8
Let z = -126 - -350. Let u = -5847 + 5851. Suppose -z = -6*d + u*d. Calculate the highest common factor of d and 14.
14
Let l(o) = -6*o**3 + 27*o**2 - 8*o - 5. Let y be l(3). Calculate the greatest common factor of y and 689.
13
Let l be (-343101)/562*(2/3)/(-1). Calculate the greatest common factor of l and 148.
37
Let g(a) = -a**2 + 68*a - 420. Let b be g(60). Calculate the greatest common factor of 1380 and b.
60
Let a be ((-5)/(-2))/(1 - 21/36). Suppose -2*l - 3*s + s + a = 0, 3*l - 21 = 3*s. Suppose 20 = 5*o - l. Calculate the greatest common factor of o and 80.
5
Let u be ((-105)/28 + 4)*8. Suppose -1256 = -4*c + u*y, 12*c + 3*y + 948 = 15*c. What is the highest common factor of 13 and c?
13
Let d = 104 - 49. Let h(m) = 4*m**3 - m**2 + 51*m - 86. Let y be h(2). Calculate the highest common divisor of y and d.
11
Suppose 2*j + 16 = p, 0*p = -p - j + 25. Suppose t + 846 = 4*c - 1358, -5*t + 1080 = 2*c. What is the highest common divisor of c and p?
22
Let c(t) = -t**3 - t + 100. Let a be c(0). Let j = 103 - a. What is the greatest common divisor of j and 3?
3
Suppose -4 = -5*x - 24, 3*w = 2*x + 44. Suppose -5*d = -197 - 253. Calculate the greatest common divisor of d and w.
6
Let o = -5939 + 6472. What is the greatest common divisor of 91 and o?
13
Let u be 118*-13*-1*(-6)/(-6). What is the greatest common factor of u and 26?
26
Let o(k) = -15*